 when c(5) is divided by 4?
0
Let y(j) = j**2 + 6*j + 14. Let x(o) = -11*o**3 - 5*o**2 + 4*o + 2. Let u be x(2). Let z = u - -90. What is the remainder when 56 is divided by y(z)?
26
Suppose 117 = 4*j - t, -2*j - 9*t + 54 = -5*t. Suppose 5*a = -3*z + j, 4*a + z - 30 = 2*z. What is the remainder when 14 is divided by a?
0
Suppose 39*w = 12*w + 4995. What is the remainder when 373 is divided by w?
3
Let x be 5/15*-3 + 1. Suppose 3*y = -2*k + 13, -y + 4*k + 9 = -x*y. Suppose 102 = y*f + 27. What is the remainder when 57 is divided by f?
12
Let k(v) = v + 37. Let p be k(-16). Let d = 1 + p. What is the remainder when d is divided by (-3)/(9/15) + 220/22?
2
Let v(o) = 2*o**2 - 45*o + 235. Let i be -14 + -2 + -4 + 3. Let c = -7 - i. What is the remainder when v(16) is divided by c?
7
Suppose -p = 4*d - 9, d - 5 = -20*p + 17*p. Suppose d*t - 3*k - 44 = 55, 2*k - 238 = -4*t. Calculate the remainder when t is divided by 19.
0
Suppose 4*h - 54 - 42 = 0. Suppose 2*p = -p - h. Calculate the remainder when -1 - (2026/p + (-6)/(-24)) is divided by 51.
48
What is the remainder when 148 + 11 + (3 - 0) is divided by 27?
0
Calculate the remainder when ((-3)/((-6)/26))/1 is divided by 2/(-33) - 46117/(-3531).
0
Suppose 0 = 3*f - 7*f + 2*m + 660, -5*f + 4*m = -828. Let v = 244 + -223. Calculate the remainder when f is divided by v.
17
Suppose m - 64 = -5*q, 2*q + 0*m - 40 = -4*m. Let p be 4/q - (-20)/(-6). Let r = 11 + p. Calculate the remainder when 47 is divided by r.
7
Suppose -28*p + 26*p = -24*p + 12078. Calculate the remainder when p is divided by 18.
9
Let b(c) = -61*c + 2612. Calculate the remainder when b(36) is divided by 411.
5
Suppose 0 = -11*l + 15*l, -3*d + 294 = -2*l. What is the remainder when d is divided by -2 - (-10)/8 - 602/(-56)?
8
Suppose 2*f = 2*l - 22, -14 = -4*l + f + 24. Suppose -l*x - 15*x = -192. What is the remainder when 71 is divided by x?
7
Suppose -15 = 5*a + 15, -a + 428 = 2*c. What is the remainder when c is divided by 56?
49
Let c(j) = 6*j - 26. Let d be c(7). Suppose 0 = -d*t + 2*t + 224. What is the remainder when 110 is divided by t?
14
Let h = 284 - 274. Suppose -3*m - 4*a + 231 = 0, -2*m + 4*a + 353 = 3*m. Calculate the remainder when m is divided by 4 - (9/5)/((-2)/h).
8
Suppose 3*c - 3 = 0, 3*d = d - c + 51. Suppose -p - z = -d, 0 = -3*p + p + 4*z + 32. What is the remainder when p is divided by 20?
2
Suppose -28 - 26 = -5*h + 2*z, 0 = 4*h + 4*z - 32. Suppose -224 = 7*o - 1260. What is the remainder when o is divided by h?
8
Suppose 77*s - 152*s = -35100. What is the remainder when s is divided by 10?
8
Let a be (2 + 10/(-3))/(4/78). Suppose 4*g - 238 = -4*n - g, -2*g + 244 = 4*n. What is the remainder when n is divided by (39/a)/((-6)/64)?
14
Suppose 3*o + 4*z - 1304 = 0, -z - 521 + 2683 = 5*o. What is the remainder when o is divided by 9?
0
Calculate the remainder when (-1470)/(-6)*((-104)/(-156))/((-4)/(-6)) is divided by 46.
15
Let h(y) = y + 17. Let w = -21 - -5. Let j be h(w). Suppose 8*t = 3*t + 2*r + 65, t = -2*r + j. Calculate the remainder when 42 is divided by t.
9
Let w be (-57)/3 + (2 - -1). Suppose -3*b = -28 + 25. What is the remainder when 50 is divided by (-15 - w) + 50/2*b?
24
Let n(l) = -6*l - 4. Let d be n(2). What is the remainder when 45 is divided by 6 + -9 - (d - 3)?
13
Let v(d) = -75*d + 3773. Suppose 26 = 2*q + 3*f, -2 = 2*q + f - 5*f. Let j = q - -33. Calculate the remainder when j is divided by v(50).
17
Suppose 0 = -10*m - 3 + 33. Suppose 0 = -m*b + 5*b - 26. Suppose -b*k + 204 = -7*k. Calculate the remainder when k is divided by 4.
2
Let r be (13 - 21)*(-2)/4. Suppose -2*q + r*u - 49 = -3*q, -q = u - 34. What is the remainder when 85 is divided by q?
27
Suppose 3*a - 5*c + 2 + 13 = 0, 0 = -4*a + 4*c - 12. Suppose a = 6*q - 2*q. Calculate the remainder when 62 is divided by (-4 - 0)/(-4) - (q - 15).
14
Let q(r) be the third derivative of -14*r**2 + 5/24*r**4 + 0 + 0*r - 9/2*r**3. Calculate the remainder when 6 is divided by q(6).
0
Let x(m) = -m**3 + 4*m**2 + m. Suppose 256 = 4*r - 444. Let s = r - 117. Calculate the remainder when s is divided by x(3).
10
Suppose 6642 = 496*t - 469*t. Calculate the remainder when t is divided by 62.
60
Suppose -117*c - 11676 = -201*c. Calculate the remainder when 460 is divided by c.
43
Calculate the remainder when 16/(-20)*(-715)/26*(-1262)/(-4) is divided by 62.
59
Let x(p) = -p**3 - 248*p**2 + 2056*p + 17. Suppose -17 - 3 = -5*v. What is the remainder when x(8) is divided by v?
1
Let j(u) = -2*u**2 + 22*u + 26. Suppose -3*r - 6*r + 99 = 0. Calculate the remainder when j(r) is divided by 14.
12
Suppose -61*r = -54*r - 602. What is the remainder when r is divided by 48?
38
Suppose 3*l + 39*l - 2436 = -0*l. Calculate the remainder when 1735 is divided by l.
53
Let l(o) be the second derivative of o**3/3 - 21*o**2/2 + 119*o. Calculate the remainder when l(20) is divided by 24*(-1)/(2 + -4).
7
Let i(f) = -f**2 - 18*f - 1. Suppose -z = -4*t - 15, z = 4*t - 2*z + 13. Calculate the remainder when i(t) is divided by 7.
6
Let j(b) = b**3 - 2*b**2 - b + 2. Let i be j(2). Let o(r) = r**2 - 351*r + 353*r + 7 + 46. What is the remainder when o(i) is divided by 7?
4
Suppose 5*l - 282 = 3*f, 5*f - 3*l = -298 - 172. Let z = f + 118. Calculate the remainder when 262 is divided by z.
22
Let b(w) = 191*w - 1833. What is the remainder when b(24) is divided by 24?
15
Let w be 5 + ((-2)/(2/3) - -2). What is the remainder when (-32 - -14)*w/(-1) is divided by 25?
22
Suppose -4*n = -2*z, -3*n = 3*z + 2*n. Suppose j - 7 = -z. Calculate the remainder when 7 is divided by j.
0
Suppose 6*l - 89 = 4*l - 5*p, 0 = -5*l + 2*p + 150. Let z = 115 - l. Calculate the remainder when z is divided by 30.
23
Let u(f) = -9*f**2 + 255*f - 31. Calculate the remainder when u(25) is divided by 121.
114
Let p(y) = -18*y - 4. Let g be p(-4). Let l = g + -48. Calculate the remainder when l is divided by 1 + 26/(-22) - 627/(-121).
0
Let d(t) = -2*t**2 + 20*t + 26. What is the remainder when 563 is divided by d(9)?
35
Suppose 0 = 2*h + 36 - 6. Calculate the remainder when 56 is divided by h/(-10)*1*128/12.
8
Suppose -10074*m + 10095*m - 4641 = 0. What is the remainder when m is divided by 11?
1
What is the remainder when -15 + 2 - (-636 + -34) is divided by 10?
7
Let i(o) = 3*o**2 + 15*o - 17. Let r = 280 - 295. Calculate the remainder when i(r) is divided by 14.
13
Let q = 5777 + -5207. What is the remainder when q is divided by 177?
39
Suppose -7*i - 168 = -10*i + 7*f, 4*f = 0. Suppose -115 - 45 = -5*c. What is the remainder when i is divided by c?
24
Suppose 2*o = -4*t + 102, -139 = -4*o - 60*t + 65*t. Suppose -64 = -2*c - 5*j, -3*j = -2*j - 4. Calculate the remainder when o is divided by c.
19
Let f(s) = 3*s**2 - 6. Let i be f(-5). Let d = i - 67. Suppose -82 = -3*a - d*y, -a + 20 = -y - 2*y. What is the remainder when a is divided by 16?
10
Suppose 8 = 5*j - 42. Suppose -j*s = 12 - 172. Calculate the remainder when (-124)/(-10)*(4 + 1) is divided by s.
14
Suppose 3*b + 4143 = 4251. Calculate the remainder when 48 is divided by b.
12
Calculate the remainder when 321 is divided by (2 - (-9)/(-4)) + (-1314)/(-72).
15
Suppose 13*i + 89 = 4119. What is the remainder when i is divided by 4?
2
Let l = -168 + 236. Suppose 4*o - 5*g - 1 = 36, -5*o + l = g. Let k(z) = z**2 - 16. What is the remainder when k(7) is divided by o?
7
Suppose -5*u = 7*u - 21*u + 1944. Calculate the remainder when u is divided by 7.
6
Let v = -315 + 315. Suppose v = 4*m - 2*r - 100, -2 = 2*r - 6. What is the remainder when m is divided by 7?
5
Let a(j) = -23*j + 20. Let i(v) = -23*v + 20. Let l(k) = 4*a(k) - 5*i(k). Let y be l(6). Let b = y + -83. Calculate the remainder when 102 is divided by b.
32
Let f = -5701 - -5938. Calculate the remainder when 955 is divided by f.
7
Suppose 156*f = 151*f + 55. What is the remainder when 48 is divided by f?
4
Suppose -g - 576*t - 3 = -571*t, 3*t + 27 = 3*g. What is the remainder when 169 is divided by g?
1
Suppose 3*g + 2*v = 1716, 2*g - 1144 = -277*v + 281*v. What is the remainder when g is divided by 42?
26
Let w(d) = 7*d**3 - 30*d**2 - d + 43. What is the remainder when (-2)/(1 - -1) + 18 is divided by w(4)?
3
Let i = -117 - -165. Suppose -42*d + 45*d = i. Calculate the remainder when 2